**3 - 38*z**2 + 9*z - 274. Determine t(38).
68
Let s(i) = -6*i - 10. What is s(5)?
-40
Let a(r) = 14*r + 9. Calculate a(1).
23
Let r(k) = -k**3 + 80*k**2 - 974*k - 12. Give r(15).
3
Let a(w) = w**2 - 294*w + 1633. What is a(6)?
-95
Let q(k) = -k**2 + 1750*k - 6949. What is q(4)?
35
Let m(l) = -222*l - 2451. Calculate m(-11).
-9
Let c(d) = -66*d + 19. Calculate c(-4).
283
Let m(a) = 138*a - 918. Determine m(7).
48
Let c(l) = l**2 - 6*l + 15. Calculate c(-6).
87
Let c(o) = 15*o + 1928. Calculate c(-129).
-7
Let c(z) = 269*z - 22343. Determine c(83).
-16
Let y(h) = 21*h - 222. Give y(7).
-75
Let p(v) = 2*v**3 + 13*v**2 + 172*v + 789. What is p(-5)?
4
Let o(z) = z**3 + 71*z**2 - 61*z + 773. Determine o(-72).
-19
Let t(o) = 9*o**2 + 86*o + 3. What is t(-9)?
-42
Let a(j) = 206*j**3 - j**2 - 4*j + 5. Calculate a(1).
206
Let m(f) = f**3 - 18*f**2 + 69*f + 137. Calculate m(7).
81
Let w(m) = m**3 + m**2 - 82*m - 90. Calculate w(0).
-90
Let i(t) = -t**3 + t**2 + 306*t - 16. Calculate i(18).
-16
Let t(y) = 2*y**3 + y**2 - 13*y + 7. Calculate t(4).
99
Let x(b) = -3*b**3 - 96*b**2 + 100*b + 10. Determine x(-33).
-23
Let t(u) = -u**3 + 35*u**2 - 130*u - 7. Calculate t(30).
593
Let c(b) = -5*b**2 - 7*b + 5. What is c(0)?
5
Let h(a) = -3*a**2 + 44*a + 18. Determine h(12).
114
Let b(k) = 10*k**2 - 26*k + 13. Calculate b(7).
321
Let t(l) = -24*l + 28. Determine t(-9).
244
Let j(v) = v**3 + 141*v**2 - 433*v - 113. Give j(-144).
31
Let q(c) = 827*c + 9095. Determine q(-11).
-2
Let d(x) = 18*x - 1202. Calculate d(67).
4
Let q(r) = 2*r**3 - 73*r**2 - 42*r + 28. Give q(37).
-157
Let v(g) = -g**2 + 36*g + 28. What is v(39)?
-89
Let j(r) = -23*r - 1360. Calculate j(-59).
-3
Let p(a) = -73*a - 9388. Give p(-129).
29
Let v(g) = -273*g - 104. Calculate v(1).
-377
Let s(z) = -52*z - 6. Give s(3).
-162
Let j(f) = f**3 + 9*f**2 - 33*f + 56. What is j(4)?
132
Let p(i) = 17*i + 214. What is p(-12)?
10
Let i(s) = 56*s + 22. Determine i(-1).
-34
Let l(f) = -2*f + 48. Determine l(-12).
72
Let g(s) = 47*s - 4577. What is g(98)?
29
Let i(h) = 497*h + 16400. Determine i(-33).
-1
Let m(p) = -5*p**2 + 6*p + 12. Give m(5).
-83
Let l(u) = -2*u**2 + 1844*u - 3688. Determine l(2).
-8
Let y(o) = -2*o**3 + o**2 - 9*o + 14. Determine y(4).
-134
Let g(i) = -65*i - 3591. Determine g(-55).
-16
Let n(y) = 22*y**2 - 553*y + 1081. Give n(23).
0
Let a(m) = 15*m - 195. What is a(-10)?
-345
Let x(r) = 2*r**2 - 250*r + 495. Calculate x(123).
3
Let t(o) = o**3 + 19*o**2 - 24*o - 90. Determine t(-20).
-10
Let s(x) = 5*x**3 + 36*x**2 - 8*x + 12. Give s(-7).
117
Let a(m) = m**2 - 6*m + 270. Calculate a(16).
430
Let s(u) = -u**2 - 502*u + 2483. Calculate s(5).
-52
Let j(w) = -w**2 - 17*w + 286. Determine j(12).
-62
Let j(r) = 49*r**2 + 230*r - 471. Determine j(2).
185
Let v(i) = -i**3 - 16*i**2 + 51*i + 2. Give v(-19).
116
Let o(x) = x**3 - 60*x**2 - 113*x - 643. What is o(62)?
39
Let g(b) = b**2 + 4*b - 53. What is g(-11)?
24
Let d(v) = -6*v**3 - 26*v**2 + 12*v - 32. What is d(-5)?
8
Let q(c) = 541*c + 5975. Calculate q(-11).
24
Let o(j) = 2*j**2 + 11*j - 6. What is o(3)?
45
Let t(q) = q**3 + 90*q**2 - 384*q - 760. Determine t(-94).
-8
Let t(f) = -2*f**3 - 7*f + 6. Give t(1).
-3
Let h(c) = -3*c**2 + 372*c - 341. Give h(123).
28
Let z(b) = -b**2 + 9*b + 100. Determine z(-6).
10
Let z(w) = -3130*w + 2. Give z(0).
2
Let l(z) = -21*z**3 + 148*z**2 - 17*z + 58. Calculate l(7).
-12
Let q(o) = -10*o**3 - 104*o**2 - 244*o - 37. What is q(-7)?
5
Let u(f) = -103*f - 1213. What is u(-11)?
-80
Let t(r) = 653*r + 2597. Determine t(-4).
-15
Let s(v) = -4*v**2 + 173*v + 197. Determine s(44).
65
Let n(k) = -2*k**3 + 5*k**2 + 84*k + 1. Give n(8).
-31
Let v(l) = 5*l + 62. Determine v(-14).
-8
Let b(m) = 79*m - 901. Give b(4).
-585
Let w(h) = -6*h**2 + 16*h - 16. Give w(11).
-566
Let o(b) = -39*b + 960. Give o(25).
-15
Let f(c) = -c**3 + 10*c**2 + 11*c - 53. Determine f(7).
171
Let o(c) = 2*c**2 + 367*c - 1857. Give o(5).
28
Let t(m) = -11*m**2 + 50*m - 33. What is t(4)?
-9
Let x(q) = q**3 - 42*q**2 - 8*q + 319. Give x(42).
-17
Let v(s) = 2*s**3 - 23*s**2 - 29*s + 38. Give v(13).
168
Let k(g) = -276*g - 3030. Give k(-11).
6
Let l(p) = p**2 + 29*p + 88. What is l(-26)?
10
Let z(y) = y**3 - 41*y**2 - 132*y + 3. Calculate z(44).
3
Let k(s) = 7*s + 118. Give k(-5).
83
Let g(p) = p**3 + 11*p**2 + p + 30. Calculate g(-8).
214
Let f(h) = 3*h**3 - 2*h**2 - 69*h - 303. Determine f(-4).
-251
Let v(u) = -49*u + 668. Calculate v(14).
-18
Let l(c) = c**3 - 20*c**2 + 52*c - 10. What is l(17)?
7
Let v(d) = -d**3 + 18*d**2 + 25*d - 99. Give v(19).
15
Let x(c) = -c**3 - 17*c**2 - 22*c - 65. Give x(-16).
31
Let w(r) = -5*r**3 - 20*r**2 + 11*r + 59. Determine w(-4).
15
Let i(m) = 111*m**2 + 5773*m + 35. What is i(-52)?
-17
Let i(j) = 3*j**2 + 27*j + 172. Give i(-12).
280
Let u(x) = 245*x - 14244. What is u(58)?
-34
Let g(f) = 4*f**2 - 222*f + 1445. Determine g(48).
5
Let i(p) = p**2 + 644*p + 1919. Calculate i(-3).
-4
Let a(y) = -y**3 - 6*y**2 - 2*y - 17. Calculate a(-5).
-32
Let h(g) = -g**2 - 18*g + 644. Calculate h(-36).
-4
Let n(g) = g**3 + 20*g**2 - 147*g + 243. Give n(-26).
9
Let k(y) = y**3 + 51*y**2 - 15*y - 753. Calculate k(-51).
12
Let w(l) = -529*l**2 - 559*l. What is w(-1)?
30
Let w(p) = 18*p**2 - 167*p + 2. Give w(9).
-43
Let b(g) = 29*g**3 + 6*g - 9. Determine b(1).
26
Let q(s) = 11*s - 361. Determine q(32).
-9
Let h(p) = -p**3 - 74*p**2 - 329*p + 1131. Calculate h(-69).
27
Let c(q) = q**3 - 11*q**2 - 7*q + 76. Calculate c(11).
-1
Let n(s) = -322*s + 19. Give n(0).
19
Let s(h) = -3*h + 52. Determine s(-23).
121
Let m(c) = -4*c**3 + 14*c**2 + 31*c - 13. Determine m(5).
-8
Let r(x) = -61*x + 305. Give r(5).
0
Let j(p) = 171*p - 710. Determine j(4).
-26
Let m(t) = -13*t**2 + 503*t + 155. Calculate m(39).
-1
Let q(n) = 32*n + 6296. Calculate q(-197).
-8
Let y(b) = -13*b + 2. Calculate y(11).
-141
Let s(x) = 964*x + 7720. Determine s(-8).
8
Let j(s) = s - 126. Calculate j(-16).
-142
Let b(j) = -j**3 + 22*j**2 - 106*j - 7. What is b(13)?
136
Let o(m) = -m**3 + 7*m**2 + 9*m - 1. Determine o(7).
62
Let y(i) = -4*i**2 - 174*i - 352. What is y(-2)?
-20
Let w(y) = -y**2 - 84*y + 2850. What is w(-110)?
-10
Let r(o) = 185*o + 965. Determine r(-5).
40
Let h(t) = -27*t + 696. Give h(25).
21
Let s(q) = -2*q**3 + 7*q**2 - 30*q - 9. What is s(5)?
-234
Let f(p) = -p**3 - 71*p**2 - 227*p - 6174. Determine f(-69).
-33
Let w(f) = 105*f + 4805. Give w(-46).
-25
Let x(f) = -3*f**3 - 107*f**2 - 58*f + 38. What is x(-35)?
-382
Let l(u) = 2*u**2 + 26*u - 99. Give l(-14).
-71
Let m(o) = 42*o**2 + 7*o + 13. What is m(-2)?
167
Let p(o) = o**2 + 49*o + 410. What is p(-38)?
-8
Let r(o) = -3*o**3 + 6*o**2 + 13*o + 58. Calculate r(-4).
294
Let k(g) = -2*g**3 - 181*g**2 + 98*g + 719. Give k(-91).
82
Let b(s) = -8*s**2 - 78*s + 335. What is b(-13)?
-3
Let r(u) = 8*u**3 + 33*u**2 + 11*u + 8. What is r(-4)?
-20
Let k(b) = 3*b + 368. What is k(-105)?
53
Let r(z) = -38*z + 447. Calculate r(12).
-9
Let z(m) = m**2 + 5*m - 53. Calculate z(-12).
31
Let h(c) = -2*c**2 + 12*c + 39. Determine h(15).
-231
Let s(b) = b**3 + 51*b**2 + 102*b + 235. Determine s(-49).
39
Let k(p) = 4*p + 21. Calculate k(47).
209
Let h(c) = 9006*c + 18013. What is h(-2)?
1
Let u(z) = -7*z + 971. Calculate u(66).
509
Let r(b) = 2*b**3 - 17*b**2 - 6*b + 69. Give r(8).
-43
Let l(f) = 7*f**2 + 5*f + 8. Determine l(-2).
26
Let m(g) = g**2 - 47*g - 137. Give m(-4).
67
Let s(n) = 29*n**3 + 203*n**2. Calculate s(-7).
0
Let f(o) = 41*o - 439. Give f(11).
12
Let z(l) = -l**2 - 46*l - 538. What is z(-16)?
-58
Let w(l) = l**3 - 18*l**2 - 46*l + 368. Calculate w(20).
248
Let u(k) = -17*k**3 - 1070*k**2 + 57*k - 374. Calculate u(-63).
4
Let b(t) = -903*t + 46957. Determine b(52).
1
Let a(c) = 9*c**2 - 171*c + 47. What is a(19)?
47
Let y(x) = 2*x**3 + 50*x**2 - 44*x + 212. What is y(-26)?
4
Let x(w) = w**2 + 5*w - 1397. What is x(-40)?
3
Let y(z) = z**2 - 30*z - 1356. What is y(-25)?
19
Let k(n) = n**3 - 26*n**2 - 28*n - 20. What is k(27)?
-47
Let v(x) = -15*x**3 + x**2 - 5*x - 6. What is v(-2)?
128
Let z(c) = 19*c + 1693. Determine z(-89).
2
Let p(x) = -280*x - 559. What is p(-2)?
1
Let k(t) = -2*t**2 - 127*t + 18496. Calculate k(-133).
9
Let g(z) = 2*z**3 - 247*z**2 + 1300*z - 246. Calculate g(118).
-10
L